{"id":11,"date":"2024-04-10T14:13:55","date_gmt":"2024-04-10T14:13:55","guid":{"rendered":"https:\/\/mindfloor.de\/commander\/?page_id=11"},"modified":"2026-01-19T15:49:23","modified_gmt":"2026-01-19T15:49:23","slug":"dirigenten","status":"publish","type":"page","link":"https:\/\/harmonie-obernau.de\/index.php\/dirigenten\/","title":{"rendered":"Unsere Dirigenten"},"content":{"rendered":"\n<p class=\"has-text-align-left\" style=\"font-size:clamp(14.642px, 0.915rem + ((1vw - 3.2px) * 0.836), 22px);text-decoration:underline\">Harmonie Singers: Britta Gl\u00e4ser<\/p>\n\n\n\n<div class=\"wp-block-media-text is-stacked-on-mobile is-vertically-aligned-top\" style=\"grid-template-columns:24% auto\"><figure class=\"wp-block-media-text__media\"><img loading=\"lazy\" decoding=\"async\" width=\"682\" height=\"1024\" src=\"https:\/\/harmonie-obernau.de\/wp-content\/uploads\/2024\/10\/PHOTO-2024-10-03-14-49-49-1-682x1024.jpg\" alt=\"\" class=\"wp-image-421 size-full\" srcset=\"https:\/\/harmonie-obernau.de\/wp-content\/uploads\/2024\/10\/PHOTO-2024-10-03-14-49-49-1-682x1024.jpg 682w, https:\/\/harmonie-obernau.de\/wp-content\/uploads\/2024\/10\/PHOTO-2024-10-03-14-49-49-1-200x300.jpg 200w, https:\/\/harmonie-obernau.de\/wp-content\/uploads\/2024\/10\/PHOTO-2024-10-03-14-49-49-1-768x1153.jpg 768w, https:\/\/harmonie-obernau.de\/wp-content\/uploads\/2024\/10\/PHOTO-2024-10-03-14-49-49-1-1023x1536.jpg 1023w, https:\/\/harmonie-obernau.de\/wp-content\/uploads\/2024\/10\/PHOTO-2024-10-03-14-49-49-1.jpg 1066w\" sizes=\"auto, (max-width: 682px) 100vw, 682px\" \/><\/figure><div class=\"wp-block-media-text__content\">\n<p class=\"has-text-align-left\" style=\"font-size:clamp(0.875rem, 0.875rem + ((1vw - 0.2rem) * 0.045), 0.9rem);font-style:normal;font-weight:400\">Britta Gl\u00e4ser wurde 1969 in K\u00f6ln geboren und wuchs in Heidelberg auf.<\/p>\n\n\n\n<p style=\"font-size:clamp(0.875rem, 0.875rem + ((1vw - 0.2rem) * 0.045), 0.9rem);font-style:normal;font-weight:400\">An der Hochschule f\u00fcr Musik in K\u00f6ln studierte sie das Hauptfach Klavier sowie die Nebenf\u00e4cher Gesang und Violine.<\/p>\n\n\n\n<p style=\"font-size:clamp(0.875rem, 0.875rem + ((1vw - 0.2rem) * 0.045), 0.9rem);font-style:normal;font-weight:400\">W\u00e4hrend eines mehrj\u00e4hrigen Aufenthaltes in England war sie dort als private Klavierlehrerin t\u00e4tig. Seit 1999 wohnt Britta Gl\u00e4ser in Aschaffenburg. Sie ist verheiratet und Mutter von f\u00fcnf S\u00f6hnen.<\/p>\n\n\n\n<p style=\"font-size:clamp(0.875rem, 0.875rem + ((1vw - 0.2rem) * 0.045), 0.9rem);font-style:normal;font-weight:400\">2001 gr\u00fcndete Britta Gl\u00e4ser ihren bis heute bestehenden Aschaffenburger Frauenchor InTakt.<\/p>\n\n\n\n<p style=\"font-size:clamp(0.875rem, 0.875rem + ((1vw - 0.2rem) * 0.045), 0.9rem);font-style:normal;font-weight:400\">Die Ausbildung zur staatlich gepr\u00fcften Chorleiterin an der Musik-akademie in Hammelburg schloss sie 2008 mit Auszeichnung ab.<\/p>\n\n\n\n<p style=\"font-size:clamp(0.875rem, 0.875rem + ((1vw - 0.2rem) * 0.045), 0.9rem);font-style:normal;font-weight:400\">Seit 2017 leitet sie den Chor Collegium Vocale in Aschaffenburg und seit 2023 ist sie mit viel Freude f\u00fcr die \u201eHarmonie Singers\u201c in Obernau als Chorleiterin t\u00e4tig.<\/p>\n<\/div><\/div>\n\n\n\n<p style=\"font-size:clamp(14.642px, 0.915rem + ((1vw - 3.2px) * 0.836), 22px);text-decoration:underline\">Vocal Harmonists: Sybille Philippin<\/p>\n\n\n\n<div class=\"wp-block-media-text is-stacked-on-mobile is-vertically-aligned-top\" style=\"grid-template-columns:24% auto\"><figure class=\"wp-block-media-text__media\"><img loading=\"lazy\" decoding=\"async\" width=\"780\" height=\"1024\" src=\"https:\/\/harmonie-obernau.de\/wp-content\/uploads\/2024\/10\/3735405_original2560_1zX9HW_Wg0dUX-780x1024.jpg\" alt=\"\" class=\"wp-image-441 size-full\" srcset=\"https:\/\/harmonie-obernau.de\/wp-content\/uploads\/2024\/10\/3735405_original2560_1zX9HW_Wg0dUX-780x1024.jpg 780w, https:\/\/harmonie-obernau.de\/wp-content\/uploads\/2024\/10\/3735405_original2560_1zX9HW_Wg0dUX-229x300.jpg 229w, https:\/\/harmonie-obernau.de\/wp-content\/uploads\/2024\/10\/3735405_original2560_1zX9HW_Wg0dUX-768x1008.jpg 768w, https:\/\/harmonie-obernau.de\/wp-content\/uploads\/2024\/10\/3735405_original2560_1zX9HW_Wg0dUX.jpg 1170w\" sizes=\"auto, (max-width: 780px) 100vw, 780px\" \/><\/figure><div class=\"wp-block-media-text__content\">\n<p class=\"has-text-align-left\" style=\"font-size:clamp(0.875rem, 0.875rem + ((1vw - 0.2rem) * 0.045), 0.9rem);font-style:normal;font-weight:400\">Sybille Philippin wurde 1970 in Mannheim geboren.<\/p>\n\n\n\n<p style=\"font-size:clamp(0.875rem, 0.875rem + ((1vw - 0.2rem) * 0.045), 0.9rem);font-style:normal;font-weight:400\">Schon sehr fr\u00fch erhielt sie Klavier- und Geigenunterricht. <\/p>\n\n\n\n<p style=\"font-size:clamp(0.875rem, 0.875rem + ((1vw - 0.2rem) * 0.045), 0.9rem);font-style:normal;font-weight:400\">Sie studierte an der Hochschule f\u00fcr Musik, Carl Maria von Weber in Dresden. Ihr k\u00fcnstlerisches Staatsexamen bestand sie mit Auszeichnung. <\/p>\n\n\n\n<p style=\"font-size:clamp(0.875rem, 0.875rem + ((1vw - 0.2rem) * 0.045), 0.9rem);font-style:normal;font-weight:400\">Von 2001 bis 2010 war sie Ensemblemitglied bei anerkannten Opernh\u00e4usern wie Bremen, Hamburg &nbsp;und M\u00fcnchen. Sie sang viele Jahre als Mezzosopranistin an bekannten Opernh\u00e4usern und war als Lied- und Konzerts\u00e4ngerin in der Welt unterwegs.<\/p>\n\n\n\n<p style=\"font-size:clamp(0.875rem, 0.875rem + ((1vw - 0.2rem) * 0.045), 0.9rem);font-style:normal;font-weight:400\">Sybille Philippin&nbsp;ist seit 2008&nbsp;verheiratet, hat zwei Kinder, lebt heute in Aschaffenburg und ist als freischaffende S\u00e4ngerin, Gesangsp\u00e4dagogin und Chorleiterin t\u00e4tig.<\/p>\n\n\n\n<p style=\"font-size:clamp(0.875rem, 0.875rem + ((1vw - 0.2rem) * 0.045), 0.9rem);font-style:normal;font-weight:400\">Sie leitet und dirigiert den Chor des \u201eS\u00e4ngerbundes 1873 Cantiamo&#8220; in Eisenbach und seit April 2024 \u00fcbernahm sie unseren Chor &#8222;Vocal Harmonists&#8220; als Chorleiterin. <\/p>\n<\/div><\/div>\n\n\n\n<p style=\"font-size:clamp(14.642px, 0.915rem + ((1vw - 3.2px) * 0.836), 22px);text-decoration:underline\">Kinder- &amp; Jugendchor: Julia Kolb<\/p>\n\n\n\n<div class=\"wp-block-media-text is-stacked-on-mobile is-vertically-aligned-top\" style=\"grid-template-columns:24% auto\"><figure class=\"wp-block-media-text__media\"><img loading=\"lazy\" decoding=\"async\" width=\"769\" height=\"1024\" src=\"https:\/\/harmonie-obernau.de\/wp-content\/uploads\/2026\/01\/HSWQ8469-Kopie-769x1024.jpg\" alt=\"\" class=\"wp-image-590 size-full\" srcset=\"https:\/\/harmonie-obernau.de\/wp-content\/uploads\/2026\/01\/HSWQ8469-Kopie-769x1024.jpg 769w, https:\/\/harmonie-obernau.de\/wp-content\/uploads\/2026\/01\/HSWQ8469-Kopie-225x300.jpg 225w, https:\/\/harmonie-obernau.de\/wp-content\/uploads\/2026\/01\/HSWQ8469-Kopie-768x1023.jpg 768w, https:\/\/harmonie-obernau.de\/wp-content\/uploads\/2026\/01\/HSWQ8469-Kopie.jpg 901w\" sizes=\"auto, (max-width: 769px) 100vw, 769px\" \/><\/figure><div class=\"wp-block-media-text__content\">\n<p class=\"has-text-align-left\" style=\"font-size:clamp(0.875rem, 0.875rem + ((1vw - 0.2rem) * 0.045), 0.9rem);font-style:normal;font-weight:400\">Julia Kolb wurde 1999 in Aschaffenburg geboren und lebt seitdem im Stadtteil Obernau. <\/p>\n\n\n\n<p class=\"has-text-align-left\" style=\"font-size:clamp(0.875rem, 0.875rem + ((1vw - 0.2rem) * 0.045), 0.9rem);font-style:normal;font-weight:400\">Sie ist als staatlich anerkannte Ergotherapeutin t\u00e4tig und leitet nebenbei seit einigen Jahren den Kinderchor in Obernau.<\/p>\n\n\n\n<p style=\"font-size:clamp(0.875rem, 0.875rem + ((1vw - 0.2rem) * 0.045), 0.9rem);font-style:normal;font-weight:400\">Julia erlernte im Alter von 5 Jahren, seit \u00fcber 15 Jahren das Klavierspielen.<\/p>\n\n\n\n<p style=\"font-size:clamp(0.875rem, 0.875rem + ((1vw - 0.2rem) * 0.045), 0.9rem);font-style:normal;font-weight:400\">Mit 5 Jahren trat sie dem Kinderchor Harmonie Obernau bei und sang dort viele Jahre lang, bis sie im Jahr 2022 die Leitung des Kinderchors \u00fcbernahm. Diesen und den von ihr gegr\u00fcndeten \u201eJugendchor\u201c dirigiert sie seitdem mit gro\u00dfer Begeisterung.<\/p>\n\n\n\n<p style=\"font-size:clamp(0.875rem, 0.875rem + ((1vw - 0.2rem) * 0.045), 0.9rem);font-style:normal;font-weight:400\">Seit einigen Jahren singt Julia auch bei den \u201eVocal Harmonists\u201c in Obernau mit viel Freude mit.<\/p>\n\n\n\n<p class=\"has-text-align-left\" style=\"font-size:clamp(0.875rem, 0.875rem + ((1vw - 0.2rem) * 0.045), 0.9rem);font-style:normal;font-weight:400\">In den Jahren 2018 \u2013 2020 absolvierte Julia mit Erfolg einige Chorleiterlehrg\u00e4nge an der Musikakademie in Hammelburg.<\/p>\n<\/div><\/div>\n\n\n\n<p style=\"font-size:clamp(14.642px, 0.915rem + ((1vw - 3.2px) * 0.836), 22px);text-decoration:underline\">M\u00e4nner Doppel-Sextett: Hubert Stripp<\/p>\n\n\n\n<div class=\"wp-block-media-text is-stacked-on-mobile is-vertically-aligned-top\" style=\"grid-template-columns:24% auto\"><figure class=\"wp-block-media-text__media\"><img loading=\"lazy\" decoding=\"async\" width=\"768\" height=\"1024\" src=\"https:\/\/harmonie-obernau.de\/wp-content\/uploads\/2024\/10\/IMG_3346-768x1024.jpg\" alt=\"\" class=\"wp-image-430 size-full\" srcset=\"https:\/\/harmonie-obernau.de\/wp-content\/uploads\/2024\/10\/IMG_3346-768x1024.jpg 768w, https:\/\/harmonie-obernau.de\/wp-content\/uploads\/2024\/10\/IMG_3346-225x300.jpg 225w, https:\/\/harmonie-obernau.de\/wp-content\/uploads\/2024\/10\/IMG_3346-1152x1536.jpg 1152w, https:\/\/harmonie-obernau.de\/wp-content\/uploads\/2024\/10\/IMG_3346-1536x2048.jpg 1536w, https:\/\/harmonie-obernau.de\/wp-content\/uploads\/2024\/10\/IMG_3346-scaled.jpg 1920w\" sizes=\"auto, (max-width: 768px) 100vw, 768px\" \/><\/figure><div class=\"wp-block-media-text__content\">\n<p class=\"has-text-align-left\" style=\"font-size:clamp(0.875rem, 0.875rem + ((1vw - 0.2rem) * 0.045), 0.9rem);font-style:normal;font-weight:400\">Hubert Stripp ist ein \u201ewaschechter Obernauer\u201c. Er wurde in Obernau geboren, wuchs dort auf und lebt seitdem in dem Aschaffenburger Stadtteil Obernau. Er ist verheiratet und hat eine Tochter.<\/p>\n\n\n\n<p style=\"font-size:clamp(0.875rem, 0.875rem + ((1vw - 0.2rem) * 0.045), 0.9rem);font-style:normal;font-weight:400\">Hubert Stripp wurde schon fr\u00fch in seiner Kindheit mit Gesang und Musik konfrontiert, denn in der Familie Stripp, wurde schon immer mit den Eltern und den 4 Geschwistern gesungen und musiziert. Er erlernte das Akkordeon spielen, das er bis heute noch sehr gut beherrscht.<\/p>\n\n\n\n<p style=\"font-size:clamp(0.875rem, 0.875rem + ((1vw - 0.2rem) * 0.045), 0.9rem);font-style:normal;font-weight:400\">Bereits mit 14 Jahren trat er dem Gesangverein bei und unterst\u00fctze den dort bestehenden M\u00e4nnerchor mit seiner Stimme.<\/p>\n\n\n\n<p style=\"font-size:clamp(0.875rem, 0.875rem + ((1vw - 0.2rem) * 0.045), 0.9rem);font-style:normal;font-weight:400\">Hubert Stripp gr\u00fcndete 1978 im Gesangverein Harmonie einen Kinderchor, den er 44 Jahre lang mit viel Freude, Engagement und Herzblut leitete und konnte auch mit seinen kleinen S\u00e4ngerinnen und S\u00e4ngern gro\u00dfe Erfolge erzielen.<\/p>\n\n\n\n<p style=\"font-size:clamp(0.875rem, 0.875rem + ((1vw - 0.2rem) * 0.045), 0.9rem);font-style:normal;font-weight:400\">In seiner Zeit als aktiver S\u00e4nger bildete sich Hubert Stripp gesanglich weiter, belegte im Jahr 1978 einen Kurs zum Dirigenten f\u00fcr Chorgesang und schloss diesen mit Erfolg ab. Seither fungierte er als Vize- Dirigent im Gesangverein f\u00fcr den zwischenzeitlich gegr\u00fcndeten gemischten Chor, die \u201eHarmonie Singers\u201c. Ebenfalls 1978 \u00fcbernahm er das bis zu dieser Zeit bestehende M\u00e4nnerquartett, das er dann mit engagierten S\u00e4ngern zu dem heute bestehenden \u201eDoppel- Sextett\u201c formte und es mit viel Spa\u00df, Freude und K\u00f6nnen bei gelegentlichen Auftritten dirigiert.<\/p>\n<\/div><\/div>\n","protected":false},"excerpt":{"rendered":"<p>Harmonie Singers: Britta Gl\u00e4ser Britta Gl\u00e4ser wurde 1969 in K\u00f6ln geboren und wuchs in Heidelberg auf. An der Hochschule f\u00fcr Musik in K\u00f6ln studierte sie das Hauptfach Klavier sowie die Nebenf\u00e4cher Gesang und Violine. W\u00e4hrend eines mehrj\u00e4hrigen Aufenthaltes in England war sie dort als private Klavierlehrerin t\u00e4tig. Seit 1999 wohnt Britta Gl\u00e4ser in Aschaffenburg. Sie [&hellip;]<\/p>\n","protected":false},"author":1,"featured_media":0,"parent":0,"menu_order":0,"comment_status":"closed","ping_status":"closed","template":"","meta":{"footnotes":""},"class_list":["post-11","page","type-page","status-publish","hentry"],"yoast_head":"<!-- This site is optimized with the Yoast SEO plugin v27.6 - https:\/\/yoast.com\/product\/yoast-seo-wordpress\/ -->\n<title>Unsere Dirigenten - Gesangverein &quot;Harmonie&quot; Obernau 1888 e.V.<\/title>\n<meta name=\"robots\" content=\"index, follow, max-snippet:-1, max-image-preview:large, max-video-preview:-1\" \/>\n<link rel=\"canonical\" href=\"https:\/\/harmonie-obernau.de\/index.php\/dirigenten\/\" \/>\n<meta property=\"og:locale\" content=\"de_DE\" \/>\n<meta property=\"og:type\" content=\"article\" \/>\n<meta property=\"og:title\" content=\"Unsere Dirigenten - Gesangverein &quot;Harmonie&quot; Obernau 1888 e.V.\" \/>\n<meta property=\"og:description\" content=\"Harmonie Singers: Britta Gl\u00e4ser Britta Gl\u00e4ser wurde 1969 in K\u00f6ln geboren und wuchs in Heidelberg auf. An der Hochschule f\u00fcr Musik in K\u00f6ln studierte sie das Hauptfach Klavier sowie die Nebenf\u00e4cher Gesang und Violine. W\u00e4hrend eines mehrj\u00e4hrigen Aufenthaltes in England war sie dort als private Klavierlehrerin t\u00e4tig. Seit 1999 wohnt Britta Gl\u00e4ser in Aschaffenburg. Sie [&hellip;]\" \/>\n<meta property=\"og:url\" content=\"https:\/\/harmonie-obernau.de\/index.php\/dirigenten\/\" \/>\n<meta property=\"og:site_name\" content=\"Gesangverein &quot;Harmonie&quot; Obernau 1888 e.V.\" \/>\n<meta property=\"article:modified_time\" content=\"2026-01-19T15:49:23+00:00\" \/>\n<meta property=\"og:image\" content=\"https:\/\/harmonie-obernau.de\/wp-content\/uploads\/2024\/10\/PHOTO-2024-10-03-14-49-49-1.jpg\" \/>\n\t<meta property=\"og:image:width\" content=\"1066\" \/>\n\t<meta property=\"og:image:height\" content=\"1600\" \/>\n\t<meta property=\"og:image:type\" content=\"image\/jpeg\" \/>\n<meta name=\"twitter:card\" content=\"summary_large_image\" \/>\n<meta name=\"twitter:label1\" content=\"Gesch\u00e4tzte Lesezeit\" \/>\n\t<meta name=\"twitter:data1\" content=\"1\u00a0Minute\" \/>\n<script type=\"application\/ld+json\" class=\"yoast-schema-graph\">{\"@context\":\"https:\\\/\\\/schema.org\",\"@graph\":[{\"@type\":\"WebPage\",\"@id\":\"https:\\\/\\\/harmonie-obernau.de\\\/index.php\\\/dirigenten\\\/\",\"url\":\"https:\\\/\\\/harmonie-obernau.de\\\/index.php\\\/dirigenten\\\/\",\"name\":\"Unsere Dirigenten - Gesangverein &quot;Harmonie&quot; Obernau 1888 e.V.\",\"isPartOf\":{\"@id\":\"https:\\\/\\\/harmonie-obernau.de\\\/#website\"},\"primaryImageOfPage\":{\"@id\":\"https:\\\/\\\/harmonie-obernau.de\\\/index.php\\\/dirigenten\\\/#primaryimage\"},\"image\":{\"@id\":\"https:\\\/\\\/harmonie-obernau.de\\\/index.php\\\/dirigenten\\\/#primaryimage\"},\"thumbnailUrl\":\"https:\\\/\\\/harmonie-obernau.de\\\/wp-content\\\/uploads\\\/2024\\\/10\\\/PHOTO-2024-10-03-14-49-49-1-682x1024.jpg\",\"datePublished\":\"2024-04-10T14:13:55+00:00\",\"dateModified\":\"2026-01-19T15:49:23+00:00\",\"breadcrumb\":{\"@id\":\"https:\\\/\\\/harmonie-obernau.de\\\/index.php\\\/dirigenten\\\/#breadcrumb\"},\"inLanguage\":\"de\",\"potentialAction\":[{\"@type\":\"ReadAction\",\"target\":[\"https:\\\/\\\/harmonie-obernau.de\\\/index.php\\\/dirigenten\\\/\"]}]},{\"@type\":\"ImageObject\",\"inLanguage\":\"de\",\"@id\":\"https:\\\/\\\/harmonie-obernau.de\\\/index.php\\\/dirigenten\\\/#primaryimage\",\"url\":\"https:\\\/\\\/harmonie-obernau.de\\\/wp-content\\\/uploads\\\/2024\\\/10\\\/PHOTO-2024-10-03-14-49-49-1.jpg\",\"contentUrl\":\"https:\\\/\\\/harmonie-obernau.de\\\/wp-content\\\/uploads\\\/2024\\\/10\\\/PHOTO-2024-10-03-14-49-49-1.jpg\",\"width\":1066,\"height\":1600},{\"@type\":\"BreadcrumbList\",\"@id\":\"https:\\\/\\\/harmonie-obernau.de\\\/index.php\\\/dirigenten\\\/#breadcrumb\",\"itemListElement\":[{\"@type\":\"ListItem\",\"position\":1,\"name\":\"Startseite\",\"item\":\"https:\\\/\\\/harmonie-obernau.de\\\/\"},{\"@type\":\"ListItem\",\"position\":2,\"name\":\"Unsere Dirigenten\"}]},{\"@type\":\"WebSite\",\"@id\":\"https:\\\/\\\/harmonie-obernau.de\\\/#website\",\"url\":\"https:\\\/\\\/harmonie-obernau.de\\\/\",\"name\":\"Gesangverein \\\"Harmonie\\\" Obernau 1888 e.V.\",\"description\":\"\",\"publisher\":{\"@id\":\"https:\\\/\\\/harmonie-obernau.de\\\/#organization\"},\"potentialAction\":[{\"@type\":\"SearchAction\",\"target\":{\"@type\":\"EntryPoint\",\"urlTemplate\":\"https:\\\/\\\/harmonie-obernau.de\\\/?s={search_term_string}\"},\"query-input\":{\"@type\":\"PropertyValueSpecification\",\"valueRequired\":true,\"valueName\":\"search_term_string\"}}],\"inLanguage\":\"de\"},{\"@type\":\"Organization\",\"@id\":\"https:\\\/\\\/harmonie-obernau.de\\\/#organization\",\"name\":\"Gesangverein \\\"Harmonie\\\" Obernau 1888 e.V.\",\"url\":\"https:\\\/\\\/harmonie-obernau.de\\\/\",\"logo\":{\"@type\":\"ImageObject\",\"inLanguage\":\"de\",\"@id\":\"https:\\\/\\\/harmonie-obernau.de\\\/#\\\/schema\\\/logo\\\/image\\\/\",\"url\":\"https:\\\/\\\/harmonie-obernau.de\\\/wp-content\\\/uploads\\\/2024\\\/08\\\/20170426184050_GVHarmonie.jpg\",\"contentUrl\":\"https:\\\/\\\/harmonie-obernau.de\\\/wp-content\\\/uploads\\\/2024\\\/08\\\/20170426184050_GVHarmonie.jpg\",\"width\":140,\"height\":188,\"caption\":\"Gesangverein \\\"Harmonie\\\" Obernau 1888 e.V.\"},\"image\":{\"@id\":\"https:\\\/\\\/harmonie-obernau.de\\\/#\\\/schema\\\/logo\\\/image\\\/\"}}]}<\/script>\n<!-- \/ Yoast SEO plugin. -->","yoast_head_json":{"title":"Unsere Dirigenten - Gesangverein &quot;Harmonie&quot; Obernau 1888 e.V.","robots":{"index":"index","follow":"follow","max-snippet":"max-snippet:-1","max-image-preview":"max-image-preview:large","max-video-preview":"max-video-preview:-1"},"canonical":"https:\/\/harmonie-obernau.de\/index.php\/dirigenten\/","og_locale":"de_DE","og_type":"article","og_title":"Unsere Dirigenten - Gesangverein &quot;Harmonie&quot; Obernau 1888 e.V.","og_description":"Harmonie Singers: Britta Gl\u00e4ser Britta Gl\u00e4ser wurde 1969 in K\u00f6ln geboren und wuchs in Heidelberg auf. An der Hochschule f\u00fcr Musik in K\u00f6ln studierte sie das Hauptfach Klavier sowie die Nebenf\u00e4cher Gesang und Violine. W\u00e4hrend eines mehrj\u00e4hrigen Aufenthaltes in England war sie dort als private Klavierlehrerin t\u00e4tig. Seit 1999 wohnt Britta Gl\u00e4ser in Aschaffenburg. Sie [&hellip;]","og_url":"https:\/\/harmonie-obernau.de\/index.php\/dirigenten\/","og_site_name":"Gesangverein &quot;Harmonie&quot; Obernau 1888 e.V.","article_modified_time":"2026-01-19T15:49:23+00:00","og_image":[{"width":1066,"height":1600,"url":"https:\/\/harmonie-obernau.de\/wp-content\/uploads\/2024\/10\/PHOTO-2024-10-03-14-49-49-1.jpg","type":"image\/jpeg"}],"twitter_card":"summary_large_image","twitter_misc":{"Gesch\u00e4tzte Lesezeit":"1\u00a0Minute"},"schema":{"@context":"https:\/\/schema.org","@graph":[{"@type":"WebPage","@id":"https:\/\/harmonie-obernau.de\/index.php\/dirigenten\/","url":"https:\/\/harmonie-obernau.de\/index.php\/dirigenten\/","name":"Unsere Dirigenten - Gesangverein &quot;Harmonie&quot; Obernau 1888 e.V.","isPartOf":{"@id":"https:\/\/harmonie-obernau.de\/#website"},"primaryImageOfPage":{"@id":"https:\/\/harmonie-obernau.de\/index.php\/dirigenten\/#primaryimage"},"image":{"@id":"https:\/\/harmonie-obernau.de\/index.php\/dirigenten\/#primaryimage"},"thumbnailUrl":"https:\/\/harmonie-obernau.de\/wp-content\/uploads\/2024\/10\/PHOTO-2024-10-03-14-49-49-1-682x1024.jpg","datePublished":"2024-04-10T14:13:55+00:00","dateModified":"2026-01-19T15:49:23+00:00","breadcrumb":{"@id":"https:\/\/harmonie-obernau.de\/index.php\/dirigenten\/#breadcrumb"},"inLanguage":"de","potentialAction":[{"@type":"ReadAction","target":["https:\/\/harmonie-obernau.de\/index.php\/dirigenten\/"]}]},{"@type":"ImageObject","inLanguage":"de","@id":"https:\/\/harmonie-obernau.de\/index.php\/dirigenten\/#primaryimage","url":"https:\/\/harmonie-obernau.de\/wp-content\/uploads\/2024\/10\/PHOTO-2024-10-03-14-49-49-1.jpg","contentUrl":"https:\/\/harmonie-obernau.de\/wp-content\/uploads\/2024\/10\/PHOTO-2024-10-03-14-49-49-1.jpg","width":1066,"height":1600},{"@type":"BreadcrumbList","@id":"https:\/\/harmonie-obernau.de\/index.php\/dirigenten\/#breadcrumb","itemListElement":[{"@type":"ListItem","position":1,"name":"Startseite","item":"https:\/\/harmonie-obernau.de\/"},{"@type":"ListItem","position":2,"name":"Unsere Dirigenten"}]},{"@type":"WebSite","@id":"https:\/\/harmonie-obernau.de\/#website","url":"https:\/\/harmonie-obernau.de\/","name":"Gesangverein \"Harmonie\" Obernau 1888 e.V.","description":"","publisher":{"@id":"https:\/\/harmonie-obernau.de\/#organization"},"potentialAction":[{"@type":"SearchAction","target":{"@type":"EntryPoint","urlTemplate":"https:\/\/harmonie-obernau.de\/?s={search_term_string}"},"query-input":{"@type":"PropertyValueSpecification","valueRequired":true,"valueName":"search_term_string"}}],"inLanguage":"de"},{"@type":"Organization","@id":"https:\/\/harmonie-obernau.de\/#organization","name":"Gesangverein \"Harmonie\" Obernau 1888 e.V.","url":"https:\/\/harmonie-obernau.de\/","logo":{"@type":"ImageObject","inLanguage":"de","@id":"https:\/\/harmonie-obernau.de\/#\/schema\/logo\/image\/","url":"https:\/\/harmonie-obernau.de\/wp-content\/uploads\/2024\/08\/20170426184050_GVHarmonie.jpg","contentUrl":"https:\/\/harmonie-obernau.de\/wp-content\/uploads\/2024\/08\/20170426184050_GVHarmonie.jpg","width":140,"height":188,"caption":"Gesangverein \"Harmonie\" Obernau 1888 e.V."},"image":{"@id":"https:\/\/harmonie-obernau.de\/#\/schema\/logo\/image\/"}}]}},"_links":{"self":[{"href":"https:\/\/harmonie-obernau.de\/index.php\/wp-json\/wp\/v2\/pages\/11","targetHints":{"allow":["GET"]}}],"collection":[{"href":"https:\/\/harmonie-obernau.de\/index.php\/wp-json\/wp\/v2\/pages"}],"about":[{"href":"https:\/\/harmonie-obernau.de\/index.php\/wp-json\/wp\/v2\/types\/page"}],"author":[{"embeddable":true,"href":"https:\/\/harmonie-obernau.de\/index.php\/wp-json\/wp\/v2\/users\/1"}],"replies":[{"embeddable":true,"href":"https:\/\/harmonie-obernau.de\/index.php\/wp-json\/wp\/v2\/comments?post=11"}],"version-history":[{"count":19,"href":"https:\/\/harmonie-obernau.de\/index.php\/wp-json\/wp\/v2\/pages\/11\/revisions"}],"predecessor-version":[{"id":591,"href":"https:\/\/harmonie-obernau.de\/index.php\/wp-json\/wp\/v2\/pages\/11\/revisions\/591"}],"wp:attachment":[{"href":"https:\/\/harmonie-obernau.de\/index.php\/wp-json\/wp\/v2\/media?parent=11"}],"curies":[{"name":"wp","href":"https:\/\/api.w.org\/{rel}","templated":true}]}}