{"id":161,"date":"2024-04-13T15:28:21","date_gmt":"2024-04-13T15:28:21","guid":{"rendered":"https:\/\/mindfloor.de\/commander\/?page_id=161"},"modified":"2026-02-14T10:55:05","modified_gmt":"2026-02-14T10:55:05","slug":"harmonie-singers","status":"publish","type":"page","link":"https:\/\/harmonie-obernau.de\/index.php\/choere\/harmonie-singers\/","title":{"rendered":"Harmonie Singers"},"content":{"rendered":"\r\n<p class=\"has-text-align-center\" style=\"font-size:clamp(17.905px, 1.119rem + ((1vw - 3.2px) * 1.147), 28px);\">Die \u201eHarmonie Singers\u201c sind der gemischte Hauptchor des Vereines<\/p>\r\n\r\n\r\n\r\n<p>Unsere &#8222;Harmonie Singers&#8220; bestehen zur Zeit aus ca. 40 S\u00e4ngerinnen und S\u00e4nger.<\/p>\r\n<p>\r\n\r\n<\/p>\r\n<p>Wir treffen uns w\u00f6chentlich, um gemeinsame St\u00fccke f\u00fcr unsere Konzerte einzustudieren.<\/p>\r\n<p>\r\n\r\n<\/p>\r\n<p>Das Repertoire ist vielseitig und umfasst moderne sowie klassische Chorliteratur.<\/p>\r\n<p>\r\n\r\n<\/p>\r\n<p>Vor gr\u00f6\u00dferen Konzerten verbringen wir gerne auch Probetage oder Chorprobewochenenden gemeinsam, um intensiv miteinander zu proben und beieinander zu sein. Aber auch nach den Chorproben sitzen wir gerne in geselliger Runde zusammen.<\/p>\r\n<p>&nbsp;<\/p>\r\n<div class='polaroid-gallery galleryid-161' style='width:510px;'>\n\t\t\t<a href=\"https:\/\/harmonie-obernau.de\/wp-content\/uploads\/2024\/08\/Chor-singt-ein-Dankeslied-1024x768.jpg\" title=\"Chor singt ein Dankeslied\" rel=\"polaroid_1036939600\" class=\"polaroid-gallery-item showcaption\"><span class=\"polaroid-gallery-image\" title=\"\" style=\"background-image: url(https:\/\/harmonie-obernau.de\/wp-content\/uploads\/2024\/08\/Chor-singt-ein-Dankeslied-150x150.jpg); width: 150px; height: 150px;\"><\/span><\/a>\n\t\t\t<a href=\"https:\/\/harmonie-obernau.de\/wp-content\/uploads\/2024\/08\/20230430_171340-1024x477.jpg\" title=\"20230430_171340\" rel=\"polaroid_1036939600\" class=\"polaroid-gallery-item showcaption\"><span class=\"polaroid-gallery-image\" title=\"\" style=\"background-image: url(https:\/\/harmonie-obernau.de\/wp-content\/uploads\/2024\/08\/20230430_171340-150x150.jpg); width: 150px; height: 150px;\"><\/span><\/a>\n\t\t\t<a href=\"https:\/\/harmonie-obernau.de\/wp-content\/uploads\/2026\/02\/IMG-20240421-WA0018-1024x576.jpg\" title=\"IMG-20240421-WA0018\" rel=\"polaroid_1036939600\" class=\"polaroid-gallery-item showcaption\"><span class=\"polaroid-gallery-image\" title=\"\" style=\"background-image: url(https:\/\/harmonie-obernau.de\/wp-content\/uploads\/2026\/02\/IMG-20240421-WA0018-150x150.jpg); width: 150px; height: 150px;\"><\/span><\/a>\n\t\t\t<br style=\"clear: both;\" \/><\/div>\n\r\n","protected":false},"excerpt":{"rendered":"<p>Die \u201eHarmonie Singers\u201c sind der gemischte Hauptchor des Vereines Unsere &#8222;Harmonie Singers&#8220; bestehen zur Zeit aus ca. 40 S\u00e4ngerinnen und S\u00e4nger. Wir treffen uns w\u00f6chentlich, um gemeinsame St\u00fccke f\u00fcr unsere Konzerte einzustudieren. Das Repertoire ist vielseitig und umfasst moderne sowie klassische Chorliteratur. Vor gr\u00f6\u00dferen Konzerten verbringen wir gerne auch Probetage oder Chorprobewochenenden gemeinsam, um intensiv [&hellip;]<\/p>\n","protected":false},"author":1,"featured_media":80,"parent":50,"menu_order":1,"comment_status":"closed","ping_status":"closed","template":"","meta":{"footnotes":""},"class_list":["post-161","page","type-page","status-publish","has-post-thumbnail","hentry"],"yoast_head":"<!-- This site is optimized with the Yoast SEO plugin v27.4 - https:\/\/yoast.com\/product\/yoast-seo-wordpress\/ -->\n<title>Harmonie Singers - Gesangverein &quot;Harmonie&quot; Obernau 1888 e.V.<\/title>\n<meta name=\"robots\" content=\"index, follow, max-snippet:-1, max-image-preview:large, max-video-preview:-1\" \/>\n<link rel=\"canonical\" href=\"https:\/\/harmonie-obernau.de\/index.php\/choere\/harmonie-singers\/\" \/>\n<meta property=\"og:locale\" content=\"de_DE\" \/>\n<meta property=\"og:type\" content=\"article\" \/>\n<meta property=\"og:title\" content=\"Harmonie Singers - Gesangverein &quot;Harmonie&quot; Obernau 1888 e.V.\" \/>\n<meta property=\"og:description\" content=\"Die \u201eHarmonie Singers\u201c sind der gemischte Hauptchor des Vereines Unsere &#8222;Harmonie Singers&#8220; bestehen zur Zeit aus ca. 40 S\u00e4ngerinnen und S\u00e4nger. Wir treffen uns w\u00f6chentlich, um gemeinsame St\u00fccke f\u00fcr unsere Konzerte einzustudieren. Das Repertoire ist vielseitig und umfasst moderne sowie klassische Chorliteratur. Vor gr\u00f6\u00dferen Konzerten verbringen wir gerne auch Probetage oder Chorprobewochenenden gemeinsam, um intensiv [&hellip;]\" \/>\n<meta property=\"og:url\" content=\"https:\/\/harmonie-obernau.de\/index.php\/choere\/harmonie-singers\/\" \/>\n<meta property=\"og:site_name\" content=\"Gesangverein &quot;Harmonie&quot; Obernau 1888 e.V.\" \/>\n<meta property=\"article:modified_time\" content=\"2026-02-14T10:55:05+00:00\" \/>\n<meta property=\"og:image\" content=\"https:\/\/harmonie-obernau.de\/wp-content\/uploads\/2024\/04\/hs.jpg\" \/>\n\t<meta property=\"og:image:width\" content=\"1121\" \/>\n\t<meta property=\"og:image:height\" content=\"590\" \/>\n\t<meta property=\"og:image:type\" content=\"image\/jpeg\" \/>\n<meta name=\"twitter:card\" content=\"summary_large_image\" \/>\n<meta name=\"twitter:label1\" content=\"Gesch\u00e4tzte Lesezeit\" \/>\n\t<meta name=\"twitter:data1\" content=\"1\u00a0Minute\" \/>\n<script type=\"application\/ld+json\" class=\"yoast-schema-graph\">{\"@context\":\"https:\\\/\\\/schema.org\",\"@graph\":[{\"@type\":\"WebPage\",\"@id\":\"https:\\\/\\\/harmonie-obernau.de\\\/index.php\\\/choere\\\/harmonie-singers\\\/\",\"url\":\"https:\\\/\\\/harmonie-obernau.de\\\/index.php\\\/choere\\\/harmonie-singers\\\/\",\"name\":\"Harmonie Singers - Gesangverein &quot;Harmonie&quot; Obernau 1888 e.V.\",\"isPartOf\":{\"@id\":\"https:\\\/\\\/harmonie-obernau.de\\\/#website\"},\"primaryImageOfPage\":{\"@id\":\"https:\\\/\\\/harmonie-obernau.de\\\/index.php\\\/choere\\\/harmonie-singers\\\/#primaryimage\"},\"image\":{\"@id\":\"https:\\\/\\\/harmonie-obernau.de\\\/index.php\\\/choere\\\/harmonie-singers\\\/#primaryimage\"},\"thumbnailUrl\":\"https:\\\/\\\/harmonie-obernau.de\\\/wp-content\\\/uploads\\\/2024\\\/04\\\/hs.jpg\",\"datePublished\":\"2024-04-13T15:28:21+00:00\",\"dateModified\":\"2026-02-14T10:55:05+00:00\",\"breadcrumb\":{\"@id\":\"https:\\\/\\\/harmonie-obernau.de\\\/index.php\\\/choere\\\/harmonie-singers\\\/#breadcrumb\"},\"inLanguage\":\"de\",\"potentialAction\":[{\"@type\":\"ReadAction\",\"target\":[\"https:\\\/\\\/harmonie-obernau.de\\\/index.php\\\/choere\\\/harmonie-singers\\\/\"]}]},{\"@type\":\"ImageObject\",\"inLanguage\":\"de\",\"@id\":\"https:\\\/\\\/harmonie-obernau.de\\\/index.php\\\/choere\\\/harmonie-singers\\\/#primaryimage\",\"url\":\"https:\\\/\\\/harmonie-obernau.de\\\/wp-content\\\/uploads\\\/2024\\\/04\\\/hs.jpg\",\"contentUrl\":\"https:\\\/\\\/harmonie-obernau.de\\\/wp-content\\\/uploads\\\/2024\\\/04\\\/hs.jpg\",\"width\":1121,\"height\":590},{\"@type\":\"BreadcrumbList\",\"@id\":\"https:\\\/\\\/harmonie-obernau.de\\\/index.php\\\/choere\\\/harmonie-singers\\\/#breadcrumb\",\"itemListElement\":[{\"@type\":\"ListItem\",\"position\":1,\"name\":\"Startseite\",\"item\":\"https:\\\/\\\/harmonie-obernau.de\\\/\"},{\"@type\":\"ListItem\",\"position\":2,\"name\":\"Ch\u00f6re\",\"item\":\"https:\\\/\\\/harmonie-obernau.de\\\/index.php\\\/choere\\\/\"},{\"@type\":\"ListItem\",\"position\":3,\"name\":\"Harmonie Singers\"}]},{\"@type\":\"WebSite\",\"@id\":\"https:\\\/\\\/harmonie-obernau.de\\\/#website\",\"url\":\"https:\\\/\\\/harmonie-obernau.de\\\/\",\"name\":\"Gesangverein \\\"Harmonie\\\" Obernau 1888 e.V.\",\"description\":\"\",\"publisher\":{\"@id\":\"https:\\\/\\\/harmonie-obernau.de\\\/#organization\"},\"potentialAction\":[{\"@type\":\"SearchAction\",\"target\":{\"@type\":\"EntryPoint\",\"urlTemplate\":\"https:\\\/\\\/harmonie-obernau.de\\\/?s={search_term_string}\"},\"query-input\":{\"@type\":\"PropertyValueSpecification\",\"valueRequired\":true,\"valueName\":\"search_term_string\"}}],\"inLanguage\":\"de\"},{\"@type\":\"Organization\",\"@id\":\"https:\\\/\\\/harmonie-obernau.de\\\/#organization\",\"name\":\"Gesangverein \\\"Harmonie\\\" Obernau 1888 e.V.\",\"url\":\"https:\\\/\\\/harmonie-obernau.de\\\/\",\"logo\":{\"@type\":\"ImageObject\",\"inLanguage\":\"de\",\"@id\":\"https:\\\/\\\/harmonie-obernau.de\\\/#\\\/schema\\\/logo\\\/image\\\/\",\"url\":\"https:\\\/\\\/harmonie-obernau.de\\\/wp-content\\\/uploads\\\/2024\\\/08\\\/20170426184050_GVHarmonie.jpg\",\"contentUrl\":\"https:\\\/\\\/harmonie-obernau.de\\\/wp-content\\\/uploads\\\/2024\\\/08\\\/20170426184050_GVHarmonie.jpg\",\"width\":140,\"height\":188,\"caption\":\"Gesangverein \\\"Harmonie\\\" Obernau 1888 e.V.\"},\"image\":{\"@id\":\"https:\\\/\\\/harmonie-obernau.de\\\/#\\\/schema\\\/logo\\\/image\\\/\"}}]}<\/script>\n<!-- \/ Yoast SEO plugin. -->","yoast_head_json":{"title":"Harmonie Singers - Gesangverein &quot;Harmonie&quot; Obernau 1888 e.V.","robots":{"index":"index","follow":"follow","max-snippet":"max-snippet:-1","max-image-preview":"max-image-preview:large","max-video-preview":"max-video-preview:-1"},"canonical":"https:\/\/harmonie-obernau.de\/index.php\/choere\/harmonie-singers\/","og_locale":"de_DE","og_type":"article","og_title":"Harmonie Singers - Gesangverein &quot;Harmonie&quot; Obernau 1888 e.V.","og_description":"Die \u201eHarmonie Singers\u201c sind der gemischte Hauptchor des Vereines Unsere &#8222;Harmonie Singers&#8220; bestehen zur Zeit aus ca. 40 S\u00e4ngerinnen und S\u00e4nger. Wir treffen uns w\u00f6chentlich, um gemeinsame St\u00fccke f\u00fcr unsere Konzerte einzustudieren. Das Repertoire ist vielseitig und umfasst moderne sowie klassische Chorliteratur. Vor gr\u00f6\u00dferen Konzerten verbringen wir gerne auch Probetage oder Chorprobewochenenden gemeinsam, um intensiv [&hellip;]","og_url":"https:\/\/harmonie-obernau.de\/index.php\/choere\/harmonie-singers\/","og_site_name":"Gesangverein &quot;Harmonie&quot; Obernau 1888 e.V.","article_modified_time":"2026-02-14T10:55:05+00:00","og_image":[{"width":1121,"height":590,"url":"https:\/\/harmonie-obernau.de\/wp-content\/uploads\/2024\/04\/hs.jpg","type":"image\/jpeg"}],"twitter_card":"summary_large_image","twitter_misc":{"Gesch\u00e4tzte Lesezeit":"1\u00a0Minute"},"schema":{"@context":"https:\/\/schema.org","@graph":[{"@type":"WebPage","@id":"https:\/\/harmonie-obernau.de\/index.php\/choere\/harmonie-singers\/","url":"https:\/\/harmonie-obernau.de\/index.php\/choere\/harmonie-singers\/","name":"Harmonie Singers - Gesangverein &quot;Harmonie&quot; Obernau 1888 e.V.","isPartOf":{"@id":"https:\/\/harmonie-obernau.de\/#website"},"primaryImageOfPage":{"@id":"https:\/\/harmonie-obernau.de\/index.php\/choere\/harmonie-singers\/#primaryimage"},"image":{"@id":"https:\/\/harmonie-obernau.de\/index.php\/choere\/harmonie-singers\/#primaryimage"},"thumbnailUrl":"https:\/\/harmonie-obernau.de\/wp-content\/uploads\/2024\/04\/hs.jpg","datePublished":"2024-04-13T15:28:21+00:00","dateModified":"2026-02-14T10:55:05+00:00","breadcrumb":{"@id":"https:\/\/harmonie-obernau.de\/index.php\/choere\/harmonie-singers\/#breadcrumb"},"inLanguage":"de","potentialAction":[{"@type":"ReadAction","target":["https:\/\/harmonie-obernau.de\/index.php\/choere\/harmonie-singers\/"]}]},{"@type":"ImageObject","inLanguage":"de","@id":"https:\/\/harmonie-obernau.de\/index.php\/choere\/harmonie-singers\/#primaryimage","url":"https:\/\/harmonie-obernau.de\/wp-content\/uploads\/2024\/04\/hs.jpg","contentUrl":"https:\/\/harmonie-obernau.de\/wp-content\/uploads\/2024\/04\/hs.jpg","width":1121,"height":590},{"@type":"BreadcrumbList","@id":"https:\/\/harmonie-obernau.de\/index.php\/choere\/harmonie-singers\/#breadcrumb","itemListElement":[{"@type":"ListItem","position":1,"name":"Startseite","item":"https:\/\/harmonie-obernau.de\/"},{"@type":"ListItem","position":2,"name":"Ch\u00f6re","item":"https:\/\/harmonie-obernau.de\/index.php\/choere\/"},{"@type":"ListItem","position":3,"name":"Harmonie Singers"}]},{"@type":"WebSite","@id":"https:\/\/harmonie-obernau.de\/#website","url":"https:\/\/harmonie-obernau.de\/","name":"Gesangverein \"Harmonie\" Obernau 1888 e.V.","description":"","publisher":{"@id":"https:\/\/harmonie-obernau.de\/#organization"},"potentialAction":[{"@type":"SearchAction","target":{"@type":"EntryPoint","urlTemplate":"https:\/\/harmonie-obernau.de\/?s={search_term_string}"},"query-input":{"@type":"PropertyValueSpecification","valueRequired":true,"valueName":"search_term_string"}}],"inLanguage":"de"},{"@type":"Organization","@id":"https:\/\/harmonie-obernau.de\/#organization","name":"Gesangverein \"Harmonie\" Obernau 1888 e.V.","url":"https:\/\/harmonie-obernau.de\/","logo":{"@type":"ImageObject","inLanguage":"de","@id":"https:\/\/harmonie-obernau.de\/#\/schema\/logo\/image\/","url":"https:\/\/harmonie-obernau.de\/wp-content\/uploads\/2024\/08\/20170426184050_GVHarmonie.jpg","contentUrl":"https:\/\/harmonie-obernau.de\/wp-content\/uploads\/2024\/08\/20170426184050_GVHarmonie.jpg","width":140,"height":188,"caption":"Gesangverein \"Harmonie\" Obernau 1888 e.V."},"image":{"@id":"https:\/\/harmonie-obernau.de\/#\/schema\/logo\/image\/"}}]}},"_links":{"self":[{"href":"https:\/\/harmonie-obernau.de\/index.php\/wp-json\/wp\/v2\/pages\/161","targetHints":{"allow":["GET"]}}],"collection":[{"href":"https:\/\/harmonie-obernau.de\/index.php\/wp-json\/wp\/v2\/pages"}],"about":[{"href":"https:\/\/harmonie-obernau.de\/index.php\/wp-json\/wp\/v2\/types\/page"}],"author":[{"embeddable":true,"href":"https:\/\/harmonie-obernau.de\/index.php\/wp-json\/wp\/v2\/users\/1"}],"replies":[{"embeddable":true,"href":"https:\/\/harmonie-obernau.de\/index.php\/wp-json\/wp\/v2\/comments?post=161"}],"version-history":[{"count":10,"href":"https:\/\/harmonie-obernau.de\/index.php\/wp-json\/wp\/v2\/pages\/161\/revisions"}],"predecessor-version":[{"id":602,"href":"https:\/\/harmonie-obernau.de\/index.php\/wp-json\/wp\/v2\/pages\/161\/revisions\/602"}],"up":[{"embeddable":true,"href":"https:\/\/harmonie-obernau.de\/index.php\/wp-json\/wp\/v2\/pages\/50"}],"wp:featuredmedia":[{"embeddable":true,"href":"https:\/\/harmonie-obernau.de\/index.php\/wp-json\/wp\/v2\/media\/80"}],"wp:attachment":[{"href":"https:\/\/harmonie-obernau.de\/index.php\/wp-json\/wp\/v2\/media?parent=161"}],"curies":[{"name":"wp","href":"https:\/\/api.w.org\/{rel}","templated":true}]}}