{"id":30,"date":"2024-04-10T14:20:32","date_gmt":"2024-04-10T14:20:32","guid":{"rendered":"https:\/\/mindfloor.de\/commander\/?page_id=30"},"modified":"2026-02-14T10:49:14","modified_gmt":"2026-02-14T10:49:14","slug":"kinderchor","status":"publish","type":"page","link":"https:\/\/harmonie-obernau.de\/index.php\/choere\/kinderchor\/","title":{"rendered":"Kinder- &#038; Jugendchor"},"content":{"rendered":"\r\n<p class=\"has-text-align-center\" style=\"font-size:clamp(18.959px, 1.185rem + ((1vw - 3.2px) * 1.255), 30px);\"><span style=\"color: #0000ff;\">Der \u201eKinder- und Jugendchor\u201c bringt die Freude an der Musik zu einer neuen Generation.<\/span><\/p>\r\n\r\n\r\n\r\n<p class=\"has-contrast-color has-text-color has-link-color has-medium-font-size\">Der Kinderchor unseres Vereins wurde 1978 von Hubert Stripp anl\u00e4sslich des 90-j\u00e4hrigen Jubil\u00e4ums der Harmonie Obernau gegr\u00fcndet und stand 40 Jahre unter seiner Leitung. Im Jahr 2022 \u00fcbernahm Julia Kolb die Leitung des Kinderchors.<\/p>\r\n\r\n\r\n\r\n<p class=\"has-contrast-color has-text-color has-link-color has-medium-font-size\">Zur Zeit besteht der Kinderchor aus 41 singbegeisternden Kindern und Jugendlichen im Alter von 4-15 Jahren.<\/p>\r\n\r\n\r\n\r\n<p class=\"has-contrast-color has-text-color has-link-color has-medium-font-size\">Die Betreuerinnen Claudia und Lea k\u00fcmmern sich w\u00e4hrend der Chorproben um die Kinder und organisieren die Auftritte sowie die Aktivit\u00e4ten abseits des Singens.<\/p>\r\n\r\n\r\n\r\n<p class=\"has-contrast-color has-text-color has-link-color has-medium-font-size\">Die &#8222;Gro\u00dfen&#8220; des Kinderchors unterst\u00fctzen nicht nur tatkr\u00e4ftig die &#8222;Kleineren&#8220; sondern singen seit 2022 zus\u00e4tzlich noch im Jugendchor mit. Hier wird nicht nur im S\u00e4ngerheim geprobt, sondern auch mal im Garten bei Lagerfeuer und Stockbrot.<\/p>\r\n\r\n\r\n\r\n<p class=\"has-contrast-color has-text-color has-link-color has-medium-font-size\">Es gibt keine fest Literatur, die man dem Kinderchor zuordnen kann &#8211; es wird gesungen was Spa\u00df macht! Von Kinderliedern und Musicals \u00fcber Gospels bis hin zu Schlagern. Ebenso vielf\u00e4ltig sind auch die Auftritte des Kinderchors. Ob Adventskonzert, Geburtstagsst\u00e4ndchen oder Sommerfeste &#8211; der Kinderchor ist immer gerne dabei!<\/p>\r\n\r\n\r\n\r\n<p class=\"has-contrast-color has-text-color has-link-color has-medium-font-size\">Auch au\u00dferhalb der Chorproben wird viel unternommen wie z.B. Faschingspartys, gemeinsames Basteln oder Ausfl\u00fcge in Freizeitparks oder den Center Parcs.<\/p>\r\n\r\n\r\n\r\n<p class=\"has-contrast-color has-text-color has-link-color has-medium-font-size\">Ein Vorbeischauen und Reinschnuppern lohnt sich hier sicherlich!\u263a<\/p>\r\n<div class='polaroid-gallery galleryid-30' style='width:510px;'>\n\t\t\t<a href=\"https:\/\/harmonie-obernau.de\/wp-content\/uploads\/2024\/08\/IMG_013311-1024x629.jpg\" title=\"IMG_013311\" rel=\"polaroid_1345379895\" class=\"polaroid-gallery-item showcaption\"><span class=\"polaroid-gallery-image\" title=\"\" style=\"background-image: url(https:\/\/harmonie-obernau.de\/wp-content\/uploads\/2024\/08\/IMG_013311-150x150.jpg); width: 150px; height: 150px;\"><\/span><\/a>\n\t\t\t<a href=\"https:\/\/harmonie-obernau.de\/wp-content\/uploads\/2026\/02\/IMG_1334-Kopie-1024x683.jpg\" title=\"IMG_1334 &#8211; Kopie\" rel=\"polaroid_1345379895\" class=\"polaroid-gallery-item showcaption\"><span class=\"polaroid-gallery-image\" title=\"\" style=\"background-image: url(https:\/\/harmonie-obernau.de\/wp-content\/uploads\/2026\/02\/IMG_1334-Kopie-150x150.jpg); width: 150px; height: 150px;\"><\/span><\/a>\n\t\t\t<a href=\"https:\/\/harmonie-obernau.de\/wp-content\/uploads\/2025\/07\/IMG_1503-1024x768.jpg\" title=\"IMG_1503\" rel=\"polaroid_1345379895\" class=\"polaroid-gallery-item showcaption\"><span class=\"polaroid-gallery-image\" title=\"\" style=\"background-image: url(https:\/\/harmonie-obernau.de\/wp-content\/uploads\/2025\/07\/IMG_1503-150x150.jpg); width: 150px; height: 150px;\"><\/span><\/a>\n\t\t\t<br style=\"clear: both;\" \/>\n\t\t\t<a href=\"https:\/\/harmonie-obernau.de\/wp-content\/uploads\/2024\/08\/45519677_580431462392904_5813073368521375744_o-1024x658.jpg\" title=\"45519677_580431462392904_5813073368521375744_o\" rel=\"polaroid_1345379895\" class=\"polaroid-gallery-item showcaption\"><span class=\"polaroid-gallery-image\" title=\"\" style=\"background-image: url(https:\/\/harmonie-obernau.de\/wp-content\/uploads\/2024\/08\/45519677_580431462392904_5813073368521375744_o-150x150.jpg); width: 150px; height: 150px;\"><\/span><\/a>\n\t\t\t<a href=\"https:\/\/harmonie-obernau.de\/wp-content\/uploads\/2024\/09\/IMG-20240901-WA0006-Kopie-1024x744.jpg\" title=\"IMG-20240901-WA0006 &#8211; Kopie\" rel=\"polaroid_1345379895\" class=\"polaroid-gallery-item showcaption\"><span class=\"polaroid-gallery-image\" title=\"\" style=\"background-image: url(https:\/\/harmonie-obernau.de\/wp-content\/uploads\/2024\/09\/IMG-20240901-WA0006-Kopie-150x150.jpg); width: 150px; height: 150px;\"><\/span><\/a>\n\t\t\t<a href=\"https:\/\/harmonie-obernau.de\/wp-content\/uploads\/2024\/08\/IMG_225411-1024x683.jpg\" title=\"IMG_225411\" rel=\"polaroid_1345379895\" class=\"polaroid-gallery-item showcaption\"><span class=\"polaroid-gallery-image\" title=\"\" style=\"background-image: url(https:\/\/harmonie-obernau.de\/wp-content\/uploads\/2024\/08\/IMG_225411-150x150.jpg); width: 150px; height: 150px;\"><\/span><\/a>\n\t\t\t<br style=\"clear: both;\" \/><\/div>\n\r\n<p>&nbsp;<\/p>\r\n","protected":false},"excerpt":{"rendered":"<p>Der \u201eKinder- und Jugendchor\u201c bringt die Freude an der Musik zu einer neuen Generation. Der Kinderchor unseres Vereins wurde 1978 von Hubert Stripp anl\u00e4sslich des 90-j\u00e4hrigen Jubil\u00e4ums der Harmonie Obernau gegr\u00fcndet und stand 40 Jahre unter seiner Leitung. Im Jahr 2022 \u00fcbernahm Julia Kolb die Leitung des Kinderchors. Zur Zeit besteht der Kinderchor aus 41 [&hellip;]<\/p>\n","protected":false},"author":1,"featured_media":170,"parent":50,"menu_order":3,"comment_status":"closed","ping_status":"closed","template":"","meta":{"footnotes":""},"class_list":["post-30","page","type-page","status-publish","has-post-thumbnail","hentry"],"yoast_head":"<!-- This site is optimized with the Yoast SEO plugin v27.5 - https:\/\/yoast.com\/product\/yoast-seo-wordpress\/ -->\n<title>Kinder- &amp; Jugendchor - Gesangverein &quot;Harmonie&quot; Obernau 1888 e.V.<\/title>\n<meta name=\"robots\" content=\"index, follow, max-snippet:-1, max-image-preview:large, max-video-preview:-1\" \/>\n<link rel=\"canonical\" href=\"https:\/\/harmonie-obernau.de\/index.php\/choere\/kinderchor\/\" \/>\n<meta property=\"og:locale\" content=\"de_DE\" \/>\n<meta property=\"og:type\" content=\"article\" \/>\n<meta property=\"og:title\" content=\"Kinder- &amp; Jugendchor - Gesangverein &quot;Harmonie&quot; Obernau 1888 e.V.\" \/>\n<meta property=\"og:description\" content=\"Der \u201eKinder- und Jugendchor\u201c bringt die Freude an der Musik zu einer neuen Generation. Der Kinderchor unseres Vereins wurde 1978 von Hubert Stripp anl\u00e4sslich des 90-j\u00e4hrigen Jubil\u00e4ums der Harmonie Obernau gegr\u00fcndet und stand 40 Jahre unter seiner Leitung. Im Jahr 2022 \u00fcbernahm Julia Kolb die Leitung des Kinderchors. Zur Zeit besteht der Kinderchor aus 41 [&hellip;]\" \/>\n<meta property=\"og:url\" content=\"https:\/\/harmonie-obernau.de\/index.php\/choere\/kinderchor\/\" \/>\n<meta property=\"og:site_name\" content=\"Gesangverein &quot;Harmonie&quot; Obernau 1888 e.V.\" \/>\n<meta property=\"article:modified_time\" content=\"2026-02-14T10:49:14+00:00\" \/>\n<meta property=\"og:image\" content=\"https:\/\/harmonie-obernau.de\/wp-content\/uploads\/2024\/04\/IMG_0414-neu-scaled.jpg\" \/>\n\t<meta property=\"og:image:width\" content=\"2560\" \/>\n\t<meta property=\"og:image:height\" content=\"1078\" \/>\n\t<meta property=\"og:image:type\" content=\"image\/jpeg\" \/>\n<meta name=\"twitter:card\" content=\"summary_large_image\" \/>\n<meta name=\"twitter:label1\" content=\"Gesch\u00e4tzte Lesezeit\" \/>\n\t<meta name=\"twitter:data1\" content=\"2\u00a0Minuten\" \/>\n<script type=\"application\/ld+json\" class=\"yoast-schema-graph\">{\"@context\":\"https:\\\/\\\/schema.org\",\"@graph\":[{\"@type\":\"WebPage\",\"@id\":\"https:\\\/\\\/harmonie-obernau.de\\\/index.php\\\/choere\\\/kinderchor\\\/\",\"url\":\"https:\\\/\\\/harmonie-obernau.de\\\/index.php\\\/choere\\\/kinderchor\\\/\",\"name\":\"Kinder- & Jugendchor - Gesangverein &quot;Harmonie&quot; Obernau 1888 e.V.\",\"isPartOf\":{\"@id\":\"https:\\\/\\\/harmonie-obernau.de\\\/#website\"},\"primaryImageOfPage\":{\"@id\":\"https:\\\/\\\/harmonie-obernau.de\\\/index.php\\\/choere\\\/kinderchor\\\/#primaryimage\"},\"image\":{\"@id\":\"https:\\\/\\\/harmonie-obernau.de\\\/index.php\\\/choere\\\/kinderchor\\\/#primaryimage\"},\"thumbnailUrl\":\"https:\\\/\\\/harmonie-obernau.de\\\/wp-content\\\/uploads\\\/2024\\\/04\\\/IMG_0414-neu-scaled.jpg\",\"datePublished\":\"2024-04-10T14:20:32+00:00\",\"dateModified\":\"2026-02-14T10:49:14+00:00\",\"breadcrumb\":{\"@id\":\"https:\\\/\\\/harmonie-obernau.de\\\/index.php\\\/choere\\\/kinderchor\\\/#breadcrumb\"},\"inLanguage\":\"de\",\"potentialAction\":[{\"@type\":\"ReadAction\",\"target\":[\"https:\\\/\\\/harmonie-obernau.de\\\/index.php\\\/choere\\\/kinderchor\\\/\"]}]},{\"@type\":\"ImageObject\",\"inLanguage\":\"de\",\"@id\":\"https:\\\/\\\/harmonie-obernau.de\\\/index.php\\\/choere\\\/kinderchor\\\/#primaryimage\",\"url\":\"https:\\\/\\\/harmonie-obernau.de\\\/wp-content\\\/uploads\\\/2024\\\/04\\\/IMG_0414-neu-scaled.jpg\",\"contentUrl\":\"https:\\\/\\\/harmonie-obernau.de\\\/wp-content\\\/uploads\\\/2024\\\/04\\\/IMG_0414-neu-scaled.jpg\",\"width\":2560,\"height\":1078},{\"@type\":\"BreadcrumbList\",\"@id\":\"https:\\\/\\\/harmonie-obernau.de\\\/index.php\\\/choere\\\/kinderchor\\\/#breadcrumb\",\"itemListElement\":[{\"@type\":\"ListItem\",\"position\":1,\"name\":\"Startseite\",\"item\":\"https:\\\/\\\/harmonie-obernau.de\\\/\"},{\"@type\":\"ListItem\",\"position\":2,\"name\":\"Ch\u00f6re\",\"item\":\"https:\\\/\\\/harmonie-obernau.de\\\/index.php\\\/choere\\\/\"},{\"@type\":\"ListItem\",\"position\":3,\"name\":\"Kinder- &#038; Jugendchor\"}]},{\"@type\":\"WebSite\",\"@id\":\"https:\\\/\\\/harmonie-obernau.de\\\/#website\",\"url\":\"https:\\\/\\\/harmonie-obernau.de\\\/\",\"name\":\"Gesangverein \\\"Harmonie\\\" Obernau 1888 e.V.\",\"description\":\"\",\"publisher\":{\"@id\":\"https:\\\/\\\/harmonie-obernau.de\\\/#organization\"},\"potentialAction\":[{\"@type\":\"SearchAction\",\"target\":{\"@type\":\"EntryPoint\",\"urlTemplate\":\"https:\\\/\\\/harmonie-obernau.de\\\/?s={search_term_string}\"},\"query-input\":{\"@type\":\"PropertyValueSpecification\",\"valueRequired\":true,\"valueName\":\"search_term_string\"}}],\"inLanguage\":\"de\"},{\"@type\":\"Organization\",\"@id\":\"https:\\\/\\\/harmonie-obernau.de\\\/#organization\",\"name\":\"Gesangverein \\\"Harmonie\\\" Obernau 1888 e.V.\",\"url\":\"https:\\\/\\\/harmonie-obernau.de\\\/\",\"logo\":{\"@type\":\"ImageObject\",\"inLanguage\":\"de\",\"@id\":\"https:\\\/\\\/harmonie-obernau.de\\\/#\\\/schema\\\/logo\\\/image\\\/\",\"url\":\"https:\\\/\\\/harmonie-obernau.de\\\/wp-content\\\/uploads\\\/2024\\\/08\\\/20170426184050_GVHarmonie.jpg\",\"contentUrl\":\"https:\\\/\\\/harmonie-obernau.de\\\/wp-content\\\/uploads\\\/2024\\\/08\\\/20170426184050_GVHarmonie.jpg\",\"width\":140,\"height\":188,\"caption\":\"Gesangverein \\\"Harmonie\\\" Obernau 1888 e.V.\"},\"image\":{\"@id\":\"https:\\\/\\\/harmonie-obernau.de\\\/#\\\/schema\\\/logo\\\/image\\\/\"}}]}<\/script>\n<!-- \/ Yoast SEO plugin. -->","yoast_head_json":{"title":"Kinder- & Jugendchor - Gesangverein &quot;Harmonie&quot; Obernau 1888 e.V.","robots":{"index":"index","follow":"follow","max-snippet":"max-snippet:-1","max-image-preview":"max-image-preview:large","max-video-preview":"max-video-preview:-1"},"canonical":"https:\/\/harmonie-obernau.de\/index.php\/choere\/kinderchor\/","og_locale":"de_DE","og_type":"article","og_title":"Kinder- & Jugendchor - Gesangverein &quot;Harmonie&quot; Obernau 1888 e.V.","og_description":"Der \u201eKinder- und Jugendchor\u201c bringt die Freude an der Musik zu einer neuen Generation. Der Kinderchor unseres Vereins wurde 1978 von Hubert Stripp anl\u00e4sslich des 90-j\u00e4hrigen Jubil\u00e4ums der Harmonie Obernau gegr\u00fcndet und stand 40 Jahre unter seiner Leitung. Im Jahr 2022 \u00fcbernahm Julia Kolb die Leitung des Kinderchors. Zur Zeit besteht der Kinderchor aus 41 [&hellip;]","og_url":"https:\/\/harmonie-obernau.de\/index.php\/choere\/kinderchor\/","og_site_name":"Gesangverein &quot;Harmonie&quot; Obernau 1888 e.V.","article_modified_time":"2026-02-14T10:49:14+00:00","og_image":[{"width":2560,"height":1078,"url":"https:\/\/harmonie-obernau.de\/wp-content\/uploads\/2024\/04\/IMG_0414-neu-scaled.jpg","type":"image\/jpeg"}],"twitter_card":"summary_large_image","twitter_misc":{"Gesch\u00e4tzte Lesezeit":"2\u00a0Minuten"},"schema":{"@context":"https:\/\/schema.org","@graph":[{"@type":"WebPage","@id":"https:\/\/harmonie-obernau.de\/index.php\/choere\/kinderchor\/","url":"https:\/\/harmonie-obernau.de\/index.php\/choere\/kinderchor\/","name":"Kinder- & Jugendchor - Gesangverein &quot;Harmonie&quot; Obernau 1888 e.V.","isPartOf":{"@id":"https:\/\/harmonie-obernau.de\/#website"},"primaryImageOfPage":{"@id":"https:\/\/harmonie-obernau.de\/index.php\/choere\/kinderchor\/#primaryimage"},"image":{"@id":"https:\/\/harmonie-obernau.de\/index.php\/choere\/kinderchor\/#primaryimage"},"thumbnailUrl":"https:\/\/harmonie-obernau.de\/wp-content\/uploads\/2024\/04\/IMG_0414-neu-scaled.jpg","datePublished":"2024-04-10T14:20:32+00:00","dateModified":"2026-02-14T10:49:14+00:00","breadcrumb":{"@id":"https:\/\/harmonie-obernau.de\/index.php\/choere\/kinderchor\/#breadcrumb"},"inLanguage":"de","potentialAction":[{"@type":"ReadAction","target":["https:\/\/harmonie-obernau.de\/index.php\/choere\/kinderchor\/"]}]},{"@type":"ImageObject","inLanguage":"de","@id":"https:\/\/harmonie-obernau.de\/index.php\/choere\/kinderchor\/#primaryimage","url":"https:\/\/harmonie-obernau.de\/wp-content\/uploads\/2024\/04\/IMG_0414-neu-scaled.jpg","contentUrl":"https:\/\/harmonie-obernau.de\/wp-content\/uploads\/2024\/04\/IMG_0414-neu-scaled.jpg","width":2560,"height":1078},{"@type":"BreadcrumbList","@id":"https:\/\/harmonie-obernau.de\/index.php\/choere\/kinderchor\/#breadcrumb","itemListElement":[{"@type":"ListItem","position":1,"name":"Startseite","item":"https:\/\/harmonie-obernau.de\/"},{"@type":"ListItem","position":2,"name":"Ch\u00f6re","item":"https:\/\/harmonie-obernau.de\/index.php\/choere\/"},{"@type":"ListItem","position":3,"name":"Kinder- &#038; Jugendchor"}]},{"@type":"WebSite","@id":"https:\/\/harmonie-obernau.de\/#website","url":"https:\/\/harmonie-obernau.de\/","name":"Gesangverein \"Harmonie\" Obernau 1888 e.V.","description":"","publisher":{"@id":"https:\/\/harmonie-obernau.de\/#organization"},"potentialAction":[{"@type":"SearchAction","target":{"@type":"EntryPoint","urlTemplate":"https:\/\/harmonie-obernau.de\/?s={search_term_string}"},"query-input":{"@type":"PropertyValueSpecification","valueRequired":true,"valueName":"search_term_string"}}],"inLanguage":"de"},{"@type":"Organization","@id":"https:\/\/harmonie-obernau.de\/#organization","name":"Gesangverein \"Harmonie\" Obernau 1888 e.V.","url":"https:\/\/harmonie-obernau.de\/","logo":{"@type":"ImageObject","inLanguage":"de","@id":"https:\/\/harmonie-obernau.de\/#\/schema\/logo\/image\/","url":"https:\/\/harmonie-obernau.de\/wp-content\/uploads\/2024\/08\/20170426184050_GVHarmonie.jpg","contentUrl":"https:\/\/harmonie-obernau.de\/wp-content\/uploads\/2024\/08\/20170426184050_GVHarmonie.jpg","width":140,"height":188,"caption":"Gesangverein \"Harmonie\" Obernau 1888 e.V."},"image":{"@id":"https:\/\/harmonie-obernau.de\/#\/schema\/logo\/image\/"}}]}},"_links":{"self":[{"href":"https:\/\/harmonie-obernau.de\/index.php\/wp-json\/wp\/v2\/pages\/30","targetHints":{"allow":["GET"]}}],"collection":[{"href":"https:\/\/harmonie-obernau.de\/index.php\/wp-json\/wp\/v2\/pages"}],"about":[{"href":"https:\/\/harmonie-obernau.de\/index.php\/wp-json\/wp\/v2\/types\/page"}],"author":[{"embeddable":true,"href":"https:\/\/harmonie-obernau.de\/index.php\/wp-json\/wp\/v2\/users\/1"}],"replies":[{"embeddable":true,"href":"https:\/\/harmonie-obernau.de\/index.php\/wp-json\/wp\/v2\/comments?post=30"}],"version-history":[{"count":31,"href":"https:\/\/harmonie-obernau.de\/index.php\/wp-json\/wp\/v2\/pages\/30\/revisions"}],"predecessor-version":[{"id":597,"href":"https:\/\/harmonie-obernau.de\/index.php\/wp-json\/wp\/v2\/pages\/30\/revisions\/597"}],"up":[{"embeddable":true,"href":"https:\/\/harmonie-obernau.de\/index.php\/wp-json\/wp\/v2\/pages\/50"}],"wp:featuredmedia":[{"embeddable":true,"href":"https:\/\/harmonie-obernau.de\/index.php\/wp-json\/wp\/v2\/media\/170"}],"wp:attachment":[{"href":"https:\/\/harmonie-obernau.de\/index.php\/wp-json\/wp\/v2\/media?parent=30"}],"curies":[{"name":"wp","href":"https:\/\/api.w.org\/{rel}","templated":true}]}}